m(b) = t*b + b**3 + 0*b + 9 + 3*b**2 - 4*b**2. Give m(0).
9
Let g be 3 + 16/(-2) + 5. Let j(h) = -h**3 + h**2 + h - 11. Give j(g).
-11
Let i be 15/6 + 1/(-2). Let y(s) = 4 - 2 - 5*s**i + 3*s + s**3 + 2*s. Suppose -24 = -6*f - 0*f. Calculate y(f).
6
Let x(j) be the third derivative of j**4/24 + 2*j**3/3 - 2*j**2. Let i(h) = -h - 3. Let p(o) = 3*i(o) + 4*x(o). Let g = 14 - 14. Give p(g).
7
Let k(j) = -j**3 + 7*j**2 - 4*j + 1. Let m(v) = -2*v**3 - 11*v**2 + 6*v + 6. Let a be m(-6). What is k(a)?
13
Let g = -6 - -3. Let a(s) be the second derivative of s**6/720 - s**5/30 - s**4/4 + 2*s. Let r(u) be the third derivative of a(u). What is r(g)?
-7
Let g be 6/(-10) - (3 + (-144)/40). Let b(i) = i**2 + i + 5. What is b(g)?
5
Let a(o) = -2*o + 29. Let l be a(17). Let f(r) = r**3 + 6*r**2 + 5*r + 4. Calculate f(l).
4
Let i(y) be the first derivative of 1/12*y**4 - 2 + 0*y - 1/2*y**3 + 2*y**2. Let x(c) be the second derivative of i(c). Determine x(4).
5
Let v(s) = 7*s + 5. Let y(u) = -u - 1. Let m(c) = -v(c) - 6*y(c). Calculate m(1).
0
Let u(t) be the third derivative of -t**8/2520 + t**6/720 - t**5/30 - 3*t**2. Let c(j) be the third derivative of u(j). Give c(-1).
-7
Let o(s) be the third derivative of s**5/60 + 5*s**4/24 - s**3/6 + 3*s**2. Suppose -2*f + 38 = 50. Give o(f).
5
Let h(n) = 0*n - 3*n + 2 + 2*n. Let k(v) = v**3 - 6*v**2 + v - 1. Let s be k(6). Suppose 0*f = s*a - 2*f - 21, 0 = -5*a + 3*f + 24. Determine h(a).
-1
Suppose 0 = 6*x - 2*x + 3*b + 16, -2*b = 4*x + 16. Let p(g) = g**2 + 4*g - 5. Calculate p(x).
-5
Let t(c) = -c**3 - c**2 - c - 1. Let u(a) = 2*a - 18. Let v be u(10). Suppose -3*j = v*j + 10. What is t(j)?
5
Let x(s) = 7*s**2 + 2*s + 1. Let i(f) be the second derivative of 7*f**4/12 + f**3/3 + f**2/2 + 3*f. Let r(d) = 4*i(d) - 3*x(d). Give r(-1).
6
Let m = -12 - -18. Suppose -y = 4*u - m, 3*y = -4*u - 2*y + 14. Let q(s) = s - 1. Let v(b) = 2*b**2 - 6*b + 4. Let h(w) = u*v(w) + 5*q(w). Determine h(2).
5
Let s(m) = -1. Let n = 0 - 2. Let r = -3 - n. Let g(l) = -l**2 - 3*l - 1. Let f(x) = r*g(x) + 6*s(x). Determine f(-4).
-1
Let w(r) = r + 1. Let q(o) be the first derivative of 5*o + 7/2*o**2 + 3. Let g(s) = q(s) - 4*w(s). Determine g(-1).
-2
Let d(z) = -2*z**2 + 3*z**2 + 3*z - 2*z**2 + 4. Suppose 2*x = 4*i - 0*i - 20, -5*i + 2*x = -24. Determine d(i).
0
Let p(j) = j**3 + 5*j**2 + 5*j + 1. Let n = -5 + 3. Let g be n/6 + 34/(-6). Let o be (-3)/(-2*g/16). Determine p(o).
-3
Let s(h) = -h + 4. Let r be s(3). Let t(o) = 12*o + 1. Give t(r).
13
Let z(j) = -3*j**2 + 13*j - 1. Let x(i) = -i**2 + 4*i. Let q(d) = -d**2 - 7*d + 8. Let r be q(-7). Let o(l) = r*x(l) - 3*z(l). Determine o(5).
-7
Let i(q) be the second derivative of -q**5/20 - 3*q**4/4 - 4*q**3/3 - q**2/2 + 6*q. What is i(-8)?
-1
Suppose 0 = -5*b - 0 + 15. Suppose b*h - 9 = 0, u + 2 = -h - 3. Let s(d) = -d**3 - 8*d**2 - d - 6. Determine s(u).
2
Let i be ((-63)/28)/(1 - (-11)/(-8)). Let c(h) = h - 1. Determine c(i).
5
Let y(u) = 710 - u**3 + 4*u - 4*u**2 - 716 + 0*u**3. Calculate y(-5).
-1
Let b(f) be the third derivative of f**7/840 - f**6/72 + f**5/30 + f**4/8 - f**3/3 + f**2. Let s(c) be the first derivative of b(c). Determine s(4).
3
Suppose -13*d - 21*d = -12*d. Let l(f) = -4*f - 13 - 3*f + 6*f. What is l(d)?
-13
Let r(x) = 4*x**2 + x + 1. Let y(h) = h**3 - 2*h - 2. Let m be y(-1). Determine r(m).
4
Suppose -4*w + 0*w - 36 = 0. Let l(r) = -r**2 - 11*r - 12. Let y be l(w). Let f(m) = -m**2 + 4*m + 4. Determine f(y).
-8
Let u(a) = 5*a**3 + 33*a**2 - 41*a + 7. Let x(s) = s**3 + 8*s**2 - 10*s + 2. Let o(h) = -2*u(h) + 9*x(h). Calculate o(5).
-11
Let n(r) be the third derivative of r**5/60 + 5*r**4/12 + 7*r**3/6 + r**2 - 13. Determine n(-7).
-14
Let n(m) be the first derivative of 4*m**3/3 - m**2/2 - 2*m - 19. What is n(2)?
12
Let r(j) be the third derivative of j**4/12 - j**3/6 - 49*j**2. Determine r(6).
11
Suppose 3*g - 36 = -3*m, -4*g + 46 = 4*m - 2*m. Let c(z) = -z**2 + 10*z + 7. Give c(g).
-4
Let u(t) = -4*t + 16. Let a = 18 - 11. Let n(z) = -3*z + 11. Let x(w) = a*n(w) - 5*u(w). Give x(6).
-9
Let f(b) = b - 2. Suppose -6 = 148*c - 149*c. Give f(c).
4
Let u(n) be the third derivative of -1/12*n**4 - 1/6*n**3 + 0*n + n**2 - 3/20*n**5 + 0. Let a = -231 + 230. Give u(a).
-8
Suppose 5*a - 3*o - 12 = 0, -8 = 5*a - 0*a + 2*o. Suppose a = -0*z + 2*z. Let r(c) = c + 10. Determine r(z).
10
Let g(b) be the second derivative of b**3/6 - b**2 + b. Suppose 4*u = -23 + 55. Let w be -6 + u + (1 - 7). Determine g(w).
-6
Suppose 3*x = -2*s - 19, -5*x + 5*s - 21 = 3*s. Suppose -2*q - q = 0. Let m(n) = -8*n + n - 6 + q*n**2 - n**2. What is m(x)?
4
Let j(b) = -b**2 + b. Let g(q) = q**3 + q**2 - q + 23. Let o(a) = -g(a) - 2*j(a). Calculate o(0).
-23
Let h(x) = 6*x - 7*x - 6*x - 1. Give h(-1).
6
Let b(r) = -6*r**2. Let v(f) = 2*f - 14. Let k be v(7). Let o = 1 + k. Give b(o).
-6
Let v be (-2*(6 - 1))/(-2). Suppose -5*u + v*n = 15, -7*u + 3*u - n - 2 = 0. Let m(x) = -6*x - 1. Calculate m(u).
5
Let g(p) = -4*p**2 + 3*p**3 - p - p**3 + 0*p**3. Give g(3).
15
Let q(m) be the third derivative of -m**4/12 + m**3/6 + m**2. Let d = -3 - -5. Let x be d/(-5) - (-17)/5. Calculate q(x).
-5
Let q(w) = -w**3 - w**2 - 1. Let r be (-8)/6*6/4. Determine q(r).
3
Let o(x) = 20*x - 3 - 11*x - 5*x - 6*x. Determine o(6).
-15
Let h(f) be the second derivative of -f**6/120 - f**4/24 + f**3/3 - 2*f**2 - 2*f. Let p(o) be the first derivative of h(o). Give p(0).
2
Let f = -5 - -8. Let l be (-185)/(-35) - 2/7. Suppose 0 = -f*i + l*u - 0 + 28, -5*u - 22 = 3*i. Let g(x) = 2*x**2 + 2*x - 1. What is g(i)?
3
Let n(k) = 5*k**2 - 4*k + 5. Let w(l) = -6*l**2 + 4*l - 5. Let u(x) = -7*n(x) - 6*w(x). What is u(-4)?
-5
Let r(d) = -9*d**2 + 6*d**2 - 2*d**2 - d**3 + 1. Give r(-2).
-11
Suppose 90 = -u - 4*u. Let p = u + 12. Let k(l) be the third derivative of l**4/24 + 2*l**3/3 + 5*l**2. Determine k(p).
-2
Let p(j) be the third derivative of -j**4/8 + 2*j**2. Let g be p(-1). Let y(s) = 2*s - 1. What is y(g)?
5
Let o(m) = -5*m**2 - 9*m**2 + 0 + 2*m - 2 + 15*m**2. Determine o(3).
13
Suppose -7*u + 14 + 21 = 0. Let f(g) = g**3 - 5*g**2 + g + 7. Calculate f(u).
12
Let s be 1*-4 + 81/9. Let m(g) = g + 5. What is m(s)?
10
Let z(a) = 4*a**3 - 4*a**2 + 3. Let t(h) = h**3 - h + 1. Let f(i) = 3*t(i) - z(i). Give f(2).
2
Let x(q) = 11*q**2 + 13*q + 26. Let u(n) = 7*n**2 + 9*n + 17. Let p(b) = 8*u(b) - 5*x(b). Give p(-5).
-4
Let x(l) = 3*l**2 + 4*l - 6. Let f(b) = 2*b**2 + 4*b - 5. Let u(r) = 5*f(r) - 4*x(r). Give u(3).
-7
Let m(x) = 7 + 8 - x - 5. What is m(0)?
10
Suppose -4*x - 11 = -t, -2*t = 3*t - 5*x - 25. Let m(u) = u + 0 - 1 + 2 + t. Give m(0).
4
Let d(g) = -g - 4. Let a be -2 + (6 + -2)*19. Let r be (-16)/(-56) + a/(-14). Determine d(r).
1
Suppose 4*x + 24 = 4. Let o(d) = d - 3. Give o(x).
-8
Let r(j) be the third derivative of j**5/60 - j**4/8 - 7*j**3/6 - 9*j**2. Calculate r(6).
11
Suppose -2*v = -11*v - 54. Let n(a) = -5*a**2 + 3*a**3 - 3*a**3 - 4*a**3 + 3*a**3 + 5*a - 4. Determine n(v).
2
Suppose 0 = -2*w - l + 19, -w = 2*w + l - 29. Let b be 16/10*w/4. Let c(o) be the third derivative of o**5/60 - o**4/6 - 6*o**2. Calculate c(b).
0
Let o(p) = -p**2 - 10*p - 6. Let q be (-1)/(-3) + (-196)/21. Determine o(q).
3
Let w(v) = -2*v + v**3 + 3328 - 3332 + 8*v**2 + 0*v**2. Give w(-8).
12
Let v(m) = 9 + 1 - 6 + m. Give v(0).
4
Let t(f) = -3*f**2 - 2*f - 4*f + 2*f**2 + 3*f. What is t(-5)?
-10
Let c(b) be the second derivative of -b**6/45 + b**5/120 - b**4/24 - b**3/3 + 5*b. Let t(i) be the second derivative of c(i). Calculate t(1).
-8
Let y(k) = 4*k**2 + 5*k - 11. Let o(x) = 3*x**2 + 5*x - 10. Let l(j) = 5*o(j) - 4*y(j). Let w be (2 - (2 - 2)) + 2. Give l(w).
-2
Let b(v) = -6*v**2 - v - 1. Let k(n) = n**2 - 6*n - 4. Let s be k(7). Suppose -s = -3*g + 3*i, 0*g + 2*g + 16 = -4*i. Let d be 1 - (2 - 0/g). Give b(d).
-6
Let b(t) = t**2 + 13*t - 19. Let s be b(-14). Let c(f) = f**2 + 5*f + 7. Calculate c(s).
7
Let m(o) = 1. Let z(b) = -2*b - 7. Let f(v) = -6*m(v) - z(v). What is f(-3)?
-5
Let x(w) be the third derivative of -w**5/60 + w**4/6 - 7*w**3/6 + 2*w**2 + 16. What is x(6)?
-19
Let g(p) = 3*p**3 + 7*p**2 - 4. Let r(k) = 4*k**3 + 8*k**2 + k - 3. Let w(h) = 3*g(h) - 2*r(h). Calculate w(-5).
4
Suppose -m + 2*m + 3 = z, 3*z - 5*m - 11 = 0. Let r(x) = 7